 remainder when 3859 is divided by 1823?
213
Calculate the remainder when 1194 is divided by 593.
8
What is the remainder when 4002 is divided by 2327?
1675
What is the remainder when 2466 is divided by 175?
16
Calculate the remainder when 8750 is divided by 78.
14
What is the remainder when 87824 is divided by 15?
14
Calculate the remainder when 130987 is divided by 43659.
10
What is the remainder when 33829 is divided by 17?
16
What is the remainder when 16990 is divided by 293?
289
Calculate the remainder when 14117 is divided by 403.
12
What is the remainder when 4308 is divided by 176?
84
Calculate the remainder when 65206 is divided by 76.
74
Calculate the remainder when 207268 is divided by 634.
584
What is the remainder when 14312 is divided by 7?
4
What is the remainder when 2488 is divided by 261?
139
Calculate the remainder when 39180 is divided by 19586.
8
What is the remainder when 118072 is divided by 58991?
90
Calculate the remainder when 14001 is divided by 1136.
369
Calculate the remainder when 14584 is divided by 143.
141
Calculate the remainder when 9869 is divided by 53.
11
What is the remainder when 313631 is divided by 88?
87
Calculate the remainder when 2976 is divided by 2098.
878
Calculate the remainder when 96 is divided by 96.
0
What is the remainder when 1382857 is divided by 1382843?
14
What is the remainder when 779 is divided by 194?
3
Calculate the remainder when 24329 is divided by 468.
461
What is the remainder when 996621 is divided by 216?
213
What is the remainder when 1011 is divided by 625?
386
Calculate the remainder when 46907 is divided by 31.
4
Calculate the remainder when 1583 is divided by 479.
146
Calculate the remainder when 34819 is divided by 5800.
19
Calculate the remainder when 14435 is divided by 14.
1
What is the remainder when 5840 is divided by 1945?
5
Calculate the remainder when 1852 is divided by 1852.
0
Calculate the remainder when 21003 is divided by 10490.
23
Calculate the remainder when 1081 is divided by 68.
61
Calculate the remainder when 9079 is divided by 65.
44
What is the remainder when 91438 is divided by 156?
22
What is the remainder when 15230 is divided by 5074?
8
What is the remainder when 26563 is divided by 2036?
95
Calculate the remainder when 1097030 is divided by 897.
896
Calculate the remainder when 57956 is divided by 252.
248
What is the remainder when 30130 is divided by 10037?
19
What is the remainder when 10065 is divided by 3171?
552
What is the remainder when 3493 is divided by 487?
84
What is the remainder when 3378569 is divided by 491?
489
Calculate the remainder when 26281 is divided by 13132.
17
What is the remainder when 1127 is divided by 276?
23
What is the remainder when 284710 is divided by 94892?
34
Calculate the remainder when 35998 is divided by 104.
14
What is the remainder when 3783 is divided by 1158?
309
What is the remainder when 377666 is divided by 130?
16
What is the remainder when 82771 is divided by 51?
49
Calculate the remainder when 31950 is divided by 1273.
125
What is the remainder when 35032 is divided by 94?
64
Calculate the remainder when 35181 is divided by 3908.
9
What is the remainder when 236975 is divided by 42?
11
What is the remainder when 131107 is divided by 216?
211
Calculate the remainder when 1243 is divided by 1243.
0
What is the remainder when 101906 is divided by 21?
14
What is the remainder when 6699 is divided by 1947?
858
What is the remainder when 35110 is divided by 84?
82
What is the remainder when 2029 is divided by 2012?
17
Calculate the remainder when 17683 is divided by 327.
25
What is the remainder when 91266 is divided by 11?
10
Calculate the remainder when 111853 is divided by 93.
67
What is the remainder when 67485 is divided by 540?
525
What is the remainder when 2854 is divided by 184?
94
Calculate the remainder when 15777 is divided by 405.
387
What is the remainder when 3698 is divided by 47?
32
What is the remainder when 9206 is divided by 236?
2
Calculate the remainder when 34877 is divided by 4.
1
Calculate the remainder when 71968 is divided by 25.
18
What is the remainder when 1720 is divided by 57?
10
What is the remainder when 10958 is divided by 522?
518
Calculate the remainder when 8253 is divided by 16.
13
Calculate the remainder when 54285 is divided by 54284.
1
Calculate the remainder when 1700 is divided by 1105.
595
What is the remainder when 46928 is divided by 10?
8
Calculate the remainder when 503 is divided by 86.
73
What is the remainder when 38947 is divided by 14?
13
Calculate the remainder when 771323 is divided by 385649.
25
What is the remainder when 5701 is divided by 165?
91
What is the remainder when 2407 is divided by 67?
62
What is the remainder when 1937098 is divided by 641?
637
What is the remainder when 10756 is divided by 141?
40
What is the remainder when 230040 is divided by 76675?
15
Calculate the remainder when 1244 is divided by 103.
8
Calculate the remainder when 4376 is divided by 655.
446
What is the remainder when 11569 is divided by 6?
1
Calculate the remainder when 83945 is divided by 198.
191
Calculate the remainder when 12011 is divided by 39.
38
What is the remainder when 91769 is divided by 15?
14
What is the remainder when 1482001 is divided by 263?
259
Calculate the remainder when 67088 is divided by 220.
208
Calculate the remainder when 13509 is divided by 17.
11
What is the remainder when 15301 is divided by 3045?
76
Calculate the remainder when 66549 is divided by 50.
49
What is the remainder when 14082 is divided by 84?
54
Calculate the remainder when 451794 is divided by 50197.
21
What is the remainder when 35263 is divided by 76?
75
What is the remainder when 68676 is divided by 213?
90
What is the remainder when 732420 is divided by 28?
24
What is the remainder when 3720 is divided by 666?
390
Calculate the remainder when 5542 is divided by 14.
12
What is the remainder when 744 is divided by 315?
114
Calculate the remainder when 243491 is divided by 128.
35
What is the remainder when 65067 is divided by 187?
178
Calculate the remainder when 3257 is divided by 3212.
45
Calculate the remainder when 50604 is divided by 78.
60
What is the remainder when 16596 is divided by 142?
124
What is the remainder when 602 is divided by 497?
105
What is the remainder when 74323 is divided by 138?
79
What is the remainder when 234 is divided by 9?
0
Calculate the remainder when 3048442 is divided by 18.
16
Calculate the remainder when 252954 is divided by 1054.
1048
What is the remainder when 1132 is divided by 39?
1
What is the remainder when 66659 is divided by 1026?
995
Calculate the remainder when 15438 is divided by 1404.
1398
Calculate the remainder when 89260 is divided by 87.
85
What is the remainder when 3543 is divided by 253?
1
What is the remainder when 1021019 is divided by 14?
13
What is the remainder when 18824 is divided by 587?
40
What is the remainder when 549245 is divided by 70?
25
What is the remainder when 47034 is divided by 285?
9
Calculate the remainder when 3550 is divided by 814.
294
What is the remainder when 7162300 is divided by 6?
4
What is the remainder when 7073 is divided by 283?
281
What is the remainder when 461 is divided by 98?
69
What is the remainder when 13156 is divided by 355?
21
What is the remainder when 10032 is divided by 4969?
94
What is the remainder when 50126 is divided by 50075?
51
What is the remainder when 49538 is divided by 147?
146
Calculate the remainder when 10726 is divided by 219.
214
What is the remainder when 7684 is divided by 746?
224
What is the remainder when 48541 is divided by 186?
181
What is the remainder when 524243 is divided by 524234?
9
Calculate the remainder when 7794 is divided by 265.
109
Calculate the remainder when 46121 is divided by 84.
5
Calculate the remainder when 7955 is divided by 16.
3
Calculate the remainder when 27262 is divided by 13618.
26
Calculate the remainder when 777091 is divided by 5799.
25
What is the remainder when 523798 is divided by 1357?
1353
What is the remainder when 137305 is divided by 61?
55
Calculate the remainder when 1724 is divided by 426.
20
Calculate the remainder when 192 is divided by 39.
36
What is the remainder when 140231 is divide